{"id":15,"date":"2021-04-01T10:05:53","date_gmt":"2021-04-01T10:05:53","guid":{"rendered":"http:\/\/gescanet.es\/web\/?page_id=15"},"modified":"2021-09-16T16:00:37","modified_gmt":"2021-09-16T15:00:37","slug":"quienes-somos","status":"publish","type":"page","link":"https:\/\/gescanet.es\/web\/quienes-somos\/","title":{"rendered":"Quienes somos"},"content":{"rendered":"<div>\n<div style=\"text-align:justify;\">\n<h3>PRESENTACI\u00d3N<\/h3>\n<p>La empresa <span style=\"color:black;\"><b>Gesti\u00f3n de Obras y Servicios de Canet d\u2019en Berenguer S.L (GESCANET)<\/b><\/span> es un Centro Especial de Empleo que fue creado como empresa de obras y servicios en el a\u00f1o 2000 por el Ayuntamiento de Canet d\u2019en Berenguer. <\/p>\n<p>Progresivamente ha ido incrementando la plantilla y la prestaci\u00f3n de servicios con el objetivo principal de participar en la integraci\u00f3n de las personas con alg\u00fan tipo de discapacidad, as\u00ed como llevar a cabo la realizaci\u00f3n de un buen trabajo.<\/p>\n<p>\n<span style=\"color:black;\"><strong>GESCANET<\/strong><\/span> est\u00e1 dedicada a la prestaci\u00f3n de servicios de mantenimiento general, jardiner\u00eda, limpieza viaria, edificios p\u00fablicos y comunidades de propietarios, conserjer\u00eda, gesti\u00f3n de mercados y vigilancia de zona azul.\n<\/p>\n<h3>MISI\u00d3N<\/h3>\n<p><span style=\"color:black;\"><strong>GESCANET<\/strong><\/span> es un Centro Especial de Empleo creado por el Ayuntamiento de Canet d\u00b4en Berenguer, para ser un Medio Propio (M.P.).<\/p>\n<p>Su fin principal es fomentar la integraci\u00f3n laboral de personas con discapacidad o en riesgo de exclusi\u00f3n social, prestando los servicios anteriormente referidos.<\/p>\n<h3>VISI\u00d3N<\/h3>\n<p><span style=\"color:black;\"><strong>GESCANET<\/strong><\/span> quiere posicionarse como un referente de calidad en el servicio, siendo su elemento distintivo el COMPROMISO SOCIAL.<\/p>\n<p>Buscando as\u00ed, convertirse en una empresa pionera en responsabilidad social y liderazgo de equipo.<\/p>\n<p>Satisfaciendo las necesidades de sus grupos de inter\u00e9s tales como trabajadores-as, ciudadan\u00eda, proveedur\u00eda, clientela, personas con discapacidad y en riesgo de exclusi\u00f3n social susceptible de poder ser ayudada por nuestra empresa.<\/p>\n<p><H3>VALORES<\/H3><\/p>\n<ul>\n<li> Crecimiento en el n\u00famero de servicios ofrecidos a la localidad, a trav\u00e9s de las encomiendas de gesti\u00f3n al medio propio\n<li> Aumentar el valor reputacional y la imagen socialmente responsable de nuestra clientela presente y futura\n<li> Mejorar la calidad del servicio\n<li> Crecer en nuevos mercados, a trav\u00e9s de la aplicaci\u00f3n de las medidas alternativas y\/o la mejora en la Responsabilidad Social Corporativa de las empresas que nos contratan\n<li> Respeto por las personas y el medio ambiente\n<li> Compromiso social\n<li> Mejora continua\n<li> Calidad del servicio\n<li> Aportar valor a nuestro entorno\n<li> Fomentar el trabajo y cultura de equipo de personas con alg\u00fan tipo de discapacidad\n<\/ul>\n<p><H3>NUESTROS PRINCIPIOS<\/H3><br \/>\n<P>Nos comprometemos en cuidar a nuestras trabajadoras y trabajadores, fomentar la cultura de equipo e incentivar la auto-responsabilidad en nuestro d\u00eda a d\u00eda.<\/p>\n<\/div>\n<\/div>\n<p><!-- {\"type\":\"layout\",\"children\":[{\"type\":\"section\",\"props\":{\"style\":\"default\",\"width\":\"default\",\"vertical_align\":\"middle\",\"title_position\":\"top-left\",\"title_rotation\":\"left\",\"title_breakpoint\":\"xl\",\"image_position\":\"center-center\"},\"children\":[{\"type\":\"row\",\"children\":[{\"type\":\"column\",\"props\":{\"image_position\":\"center-center\",\"media_overlay_gradient\":\"\"},\"children\":[{\"type\":\"text\",\"props\":{\"margin\":\"default\",\"column_breakpoint\":\"m\",\"content\":\"\n\n<div style=\\\"text-align:justify;\\\">\\n\n\n<h3>PRESENTACI\\u00d3N<\\\/h3> \\n\n\n<p>La empresa <span style=\\\"color:black;\\\"><b>Gesti\\u00f3n de Obras y Servicios de Canet d\\u2019en Berenguer S.L (GESCANET)<\\\/b><\\\/span> es un Centro Especial de Empleo que fue creado como empresa de obras y servicios en el a\\u00f1o 2000 por el Ayuntamiento de Canet d\\u2019en Berenguer. <\\\/p>\\n      \\n \n\n<p>Progresivamente ha ido incrementando la plantilla y la prestaci\\u00f3n de servicios con el objetivo principal de participar en la integraci\\u00f3n de las personas con alg\\u00fan tipo de discapacidad, as\\u00ed como llevar a cabo la realizaci\\u00f3n de un buen trabajo.<\\\/p>\\n     \\n\n\n<p>\\n<span style=\\\"color:black;\\\"><strong>GESCANET<\\\/strong><\\\/span> est\\u00e1 dedicada a la prestaci\\u00f3n de servicios de mantenimiento general, jardiner\\u00eda, limpieza viaria, edificios p\\u00fablicos y comunidades de propietarios, conserjer\\u00eda, gesti\\u00f3n de mercados y vigilancia de zona azul.\\n<\\\/p>\\n\\n\n\n<h3>MISI\\u00d3N<\\\/h3> \\n<span style=\\\"color:black;\\\"><strong>GESCANET<\\\/strong><\\\/span> es un Centro Especial de Empleo creado por el Ayuntamiento de Canet d\\u00b4en Berenguer, para ser un Medio Propio (M.P.).<\\\/p>\\n\\n\n\n<p>Su fin principal es fomentar la integraci\\u00f3n laboral de personas con discapacidad o en riesgo de exclusi\\u00f3n social, prestando los servicios anteriormente referidos.<\\\/p>\\n\\n\n\n<h3>VISI\\u00d3N<\\\/h3> \\n\n\n<p><span style=\\\"color:black;\\\"><strong>GESCANET<\\\/strong><\\\/span> quiere posicionarse como un referente de calidad en el servicio, siendo su elemento distintivo el COMPROMISO SOCIAL.<\\\/p>\\n    \\n\n\n<p>Buscando as\\u00ed, convertirse en una empresa pionera en responsabilidad social y liderazgo de equipo.<\\\/p>\\n\n\n<p>Satisfaciendo las necesidades de sus grupos de inter\\u00e9s tales como trabajadores-as, ciudadan\\u00eda, proveedur\\u00eda, clientela, personas con discapacidad y en riesgo de exclusi\\u00f3n social susceptible de poder ser ayudada por nuestra empresa.<\\\/p>\\n\\n<H3>VALORES<\\\/H3>\\n\n\n<ul>\\n\n\n<li> Crecimiento en el n\\u00famero de servicios ofrecidos a la localidad, a trav\\u00e9s de las encomiendas de gesti\\u00f3n al medio propio\\n\n\n<li> Aumentar el valor reputacional y la imagen socialmente responsable de nuestra clientela presente y futura\\n\n\n<li> Mejorar la calidad del servicio\\n\n\n<li> Crecer en nuevos mercados, a trav\\u00e9s de la aplicaci\\u00f3n de las medidas alternativas y\\\/o la mejora en la Responsabilidad Social Corporativa de las empresas que nos contratan   \\n\n\n<li> Respeto por las personas y el medio ambiente\\n\n\n<li> Compromiso social\\n\n\n<li> Mejora continua\\n\n\n<li> Calidad del servicio\\n\n\n<li> Aportar valor a nuestro entorno\\n\n\n<li> Fomentar el trabajo y cultura de equipo de personas con alg\\u00fan tipo de discapacidad\\n<\\\/ul>\\n   \\n<H3>NUESTROS PRINCIPIOS<\\\/H3> \\n<P>Nos comprometemos en cuidar a nuestras trabajadoras y trabajadores, fomentar la cultura de equipo e incentivar la auto-responsabilidad en nuestro d\\u00eda a d\\u00eda.<\\\/p>\\n<\\\/div>\",\"dropcap\":false}}]}]}]}],\"version\":\"2.3.32\"} --><\/p>\n","protected":false},"excerpt":{"rendered":"<p>PRESENTACI\u00d3N La empresa Gesti\u00f3n de Obras y Servicios de Canet d\u2019en Berenguer S.L (GESCANET) es un Centro Especial de Empleo que fue creado como empresa de obras y servicios en el a\u00f1o 2000 por el Ayuntamiento de Canet d\u2019en Berenguer. Progresivamente ha ido incrementando la plantilla y la prestaci\u00f3n de servicios con el objetivo principal [&hellip;]<\/p>\n","protected":false},"author":1,"featured_media":0,"parent":0,"menu_order":0,"comment_status":"closed","ping_status":"closed","template":"","meta":{"footnotes":""},"class_list":["post-15","page","type-page","status-publish","hentry","post"],"_links":{"self":[{"href":"https:\/\/gescanet.es\/web\/wp-json\/wp\/v2\/pages\/15","targetHints":{"allow":["GET"]}}],"collection":[{"href":"https:\/\/gescanet.es\/web\/wp-json\/wp\/v2\/pages"}],"about":[{"href":"https:\/\/gescanet.es\/web\/wp-json\/wp\/v2\/types\/page"}],"author":[{"embeddable":true,"href":"https:\/\/gescanet.es\/web\/wp-json\/wp\/v2\/users\/1"}],"replies":[{"embeddable":true,"href":"https:\/\/gescanet.es\/web\/wp-json\/wp\/v2\/comments?post=15"}],"version-history":[{"count":21,"href":"https:\/\/gescanet.es\/web\/wp-json\/wp\/v2\/pages\/15\/revisions"}],"predecessor-version":[{"id":658,"href":"https:\/\/gescanet.es\/web\/wp-json\/wp\/v2\/pages\/15\/revisions\/658"}],"wp:attachment":[{"href":"https:\/\/gescanet.es\/web\/wp-json\/wp\/v2\/media?parent=15"}],"curies":[{"name":"wp","href":"https:\/\/api.w.org\/{rel}","templated":true}]}}